 composite number?
False
Suppose 2*v = -5*m + 19058 - 627, -18437 = -2*v - 3*m. Is v a prime number?
False
Suppose -5*u - 5024384 = -3*h, -h - 11*u + 1674843 = -3*u. Is h a composite number?
True
Suppose -7*p = 7*p - 28. Suppose 0 = -2*t + p*b + b + 15584, -5*b + 38935 = 5*t. Is t a composite number?
False
Let i(b) = -1157*b - 1320. Is i(-19) prime?
True
Is -2*((-8 - 1225213/22) + -5) composite?
False
Suppose -1077 - 8271 = 6*h. Let s = h + 9299. Is s a prime number?
True
Let j(i) = i - 5*i**2 + 4212 + 3629 - 2322. Let b(f) = -f**3 - 132*f**2 + 2867*f - 302. Let l be b(-151). Is j(l) a composite number?
False
Let j be 0/(-7) - 11*(-489 - 2). Suppose -v - 172 = -2*a + 10595, -4*v - j = -a. Is a a composite number?
False
Suppose 0 = 18*y - 7900 - 28586. Is y prime?
True
Suppose 0 = -32*q - 5832101 + 17201541. Is q prime?
False
Let z be 1/((-125)/(-285) + (-2)/19). Suppose -4*l - 8161 = -5*x + 11090, -z*l = 4*x - 15376. Is x composite?
False
Let q = -61 - -56. Let t be (-23)/q - (24/(-10))/6. Suppose -t*d - 4163 = -v, 759 = 4*v + 4*d - 15845. Is v a composite number?
False
Is -2596558*((-90)/(-20) - (16 - -4)/4) prime?
True
Let k(m) = -91535*m + 266. Is k(-1) prime?
True
Suppose -1159*v + 1162*v - 11900 = -o, o + 1 = 0. Is v composite?
False
Suppose 0 = 11*r - 8*r - 33. Let a(m) = -r*m**3 - 2 - 3 - 4*m**2 - 16*m**3 - m. Is a(-3) a prime number?
True
Let b(k) = k**2 + 21*k - 21. Let d be b(-25). Let s = -41 - -89. Let o = d + s. Is o a prime number?
True
Let g = 656602 - 333663. Is g composite?
False
Suppose 3*q = -4*f + 418, 2*q = q + 5*f + 114. Suppose -5*v - q = 3*c + 1624, -582 = c + 3*v. Is c/(-9) - 6/9 prime?
False
Suppose -3*s - 5*o = -4 - 20, -6 = -4*s + 2*o. Suppose -s*q = 5*g + 4138, 2*q + 0*q + 4*g + 2762 = 0. Let v = -852 - q. Is v a prime number?
False
Let u be (0/(-2) + -9)/((-11)/759). Suppose 2*w = -w + u. Suppose -6*n + w = -3*n. Is n prime?
False
Let a = 2499 - -24256. Is a composite?
True
Let t be (-6 - -25)*(-4 + 2)/(-2). Suppose 0 = -14*i + 201 - t. Suppose 1636 = -9*j + i*j. Is j prime?
True
Suppose 4*d + 57*g = 59*g + 811552, 0 = -3*d + 5*g + 608657. Is d prime?
True
Let y = 174 + -91. Suppose -2*r = -3*z - 128, 4*r + 2*z - y = 141. Let l = r + -47. Is l a prime number?
True
Suppose -3*z + 2*d = -11035, 6*z - z + 4*d - 18377 = 0. Suppose -b - 2*t = -z, 6*b - b - 3*t - 18450 = 0. Is b prime?
False
Is (-36)/27*12/(-40)*(-120245)/(-2) a composite number?
False
Let w = -166 + 29. Let a(g) = 2*g**2 + 119*g + 96. Let q be a(-58). Let p = q - w. Is p composite?
False
Let b = 960207 - -1124332. Is b a composite number?
True
Let c(y) = 5*y + 137. Let g be c(-28). Is (g + 1)*(-27730)/20 prime?
False
Let j(o) = 725130*o + 1067. Is j(5) composite?
False
Suppose -77*d + 780 = -12*d. Let g = 1875 - 332. Suppose 0 = -d*z + 13*z - g. Is z prime?
True
Let l be (-25728)/(-80) + 2/5. Let s = l - 243. Is s prime?
True
Let p(h) = -3*h**3 + 4*h**2 + 4. Let i(m) = 3*m**3 - 4*m**2 - m - 5. Let b(t) = 3*i(t) + 2*p(t). Let w be 7 - (5 + (-16)/4). Is b(w) a prime number?
True
Let s(d) = 499*d**2 - 4*d + 5. Let l(q) = q**2 - q + 1. Let o(b) = -3*l(b) + s(b). Let a be o(-2). Let g = a - 1357. Is g a prime number?
True
Suppose -3*r = -y + 2382 + 1930, 5*y = r + 21630. Is y composite?
False
Let o be 3*3/(-9)*-3. Suppose -o*n - n + 496 = 0. Let j = 2763 + n. Is j composite?
False
Suppose 53*n = 51*n - 4. Suppose -4*b + o = -18, 0 = 3*o + 6. Is (-97)/((n + b)/(-2)) a composite number?
False
Let s(d) = 88*d**3 - 13*d**2 + 18*d + 37. Is s(14) a prime number?
False
Let y(s) = -2*s**2 - 8*s - 1. Let q be y(-6). Let i = 28 + q. Suppose 3*z + u - 12517 = -2*z, i*z + 5*u - 7519 = 0. Is z prime?
True
Let b = 29 + 39. Let v = 105 - b. Suppose -6*h + v + 629 = 0. Is h composite?
True
Suppose 3*m - 36 = -147. Let i = m + 40. Suppose 0 = 3*q - 4*q + 4*t + 2083, 5*q - i*t = 10483. Is q a composite number?
False
Let w be (0 - 24/9)/(4/(-420)). Is -9*(-3 + w/(-6)) a composite number?
True
Suppose 6*k = -3*k - 270. Let y = -26 - k. Is 866 + -8 + (y - 8)*-1 a composite number?
True
Suppose -7*k + 39464 = -32356. Suppose -14*b + 12*b + k = 0. Suppose 3*q + 2*h = h + b, -4*q = 4*h - 6848. Is q prime?
True
Suppose 4*z - 2*l = -168, -z - 2*l + 6*l = 28. Let x = -42 - z. Let w(g) = 209*g**2 + 2*g - 2. Is w(x) composite?
True
Let r = 10 + -10. Suppose r = 4*t - 8*t + w + 2822, -4*t + 2812 = 4*w. Let d = t - 448. Is d prime?
True
Let l(d) = -1441*d - 31. Is l(-20) a composite number?
False
Let j(n) = 5*n**2 - 14*n - 34. Let v be j(23). Suppose v = 2*i - 2*w - 1093, -4*w + 6780 = 4*i. Is i prime?
True
Let b(u) = -2643*u + 544. Is b(-49) a composite number?
False
Let z(i) = 11312*i**2 - 7*i - 7. Let w be z(-4). Suppose 0 = 13*r + 6*r - w. Is r prime?
False
Suppose 181*a - 182*a = -2*k - 18663, 5*a = -4*k + 93385. Is a a composite number?
True
Let j(w) = -100*w + 7. Let q(c) = 7*c + 9 + 10*c - 9*c. Let v be q(-2). Is j(v) prime?
False
Let r(v) = -v**3 - 2*v**2 + 6*v - 16. Suppose -5*f + 4*a - 2*a - 463 = 0, -4*f + 2*a = 372. Let x be (f/28)/(2/8). Is r(x) a composite number?
True
Suppose 4*z = -o + 15305, 2009 + 5630 = 2*z + 5*o. Let d = 1516 + z. Suppose 2*y - 184 = -2*a + 1952, 5*a = -2*y + d. Is a prime?
True
Let z(l) = -l**2 + 17*l + 2. Let h be z(17). Let r(s) = 19*s**h - 12*s - s**3 + s**3 + s**3 - 16 + 5. Is r(-10) a composite number?
False
Is (43414/196)/(2/4) composite?
False
Let r(y) = 6340*y**2 + 33*y + 809. Is r(-12) a prime number?
True
Suppose 0 = -q - 13 + 25. Let b = 55 + q. Is b a composite number?
False
Let d be -9 + 37/4 + (-45)/(-12). Is 0 - d/((-4)/(-1))*-2047 a prime number?
False
Suppose 3*b - 3*v - 1191858 = 0, -85*v + 82*v + 1191840 = 3*b. Is b a prime number?
True
Suppose -353*b + 59254978 = -9117644 - 4013911. Is b composite?
True
Let o = 137765 - 64506. Is o prime?
True
Let w(p) be the third derivative of -p**6/15 + p**5/15 - 5*p**4/12 - 11*p**3/6 - 336*p**2 - p. Suppose 5*a + 30 = 2*d + 3, -4*a = 3*d + 17. Is w(a) prime?
False
Suppose -63*y = 2269 + 251. Suppose b - 28 + 155 = 0. Let k = y - b. Is k prime?
False
Let h(o) = -188*o + 236399. Is h(0) a composite number?
False
Suppose 3*f - 430204 + 80307 = 5*p, 2*f - 233298 = -5*p. Is f composite?
False
Let q(y) = y**3 + 4*y - 4. Let p(n) = -n**3 + n**2 - 5*n + 4. Suppose 2*o - 4*z = -8, 2*o + o + 5 = -z. Let j(k) = o*q(k) - 3*p(k). Is j(6) a prime number?
False
Suppose 39*b = 377*b - 10382133 - 21690349. Is b a composite number?
False
Suppose 0 = 3*a - 3*c - 117 - 591, -4*a - 4*c = -984. Suppose -310 = -l + a. Is l prime?
False
Let q(h) = -2*h**2 - 47*h + 22. Let x be q(-24). Is x + 5 + 2572 + 4 prime?
True
Let c = 74 + -68. Is (1671/9)/(c/18) a composite number?
False
Suppose -16*z = 119807 + 65841. Is ((-12)/(-3))/(-1) - z composite?
True
Suppose 0 = 6*t - 13*t + 70. Is 4/t*205245/18 a prime number?
True
Let c(d) = 623*d**2 + 7*d + 5. Let b = 96 - 97. Let x(z) = -5*z - 7. Let m be x(b). Is c(m) a composite number?
True
Let j(o) = o**2 - 14*o - 94. Let u be j(19). Let f(l) = l**2. Let x(y) = 135*y**2 - 3*y + 1. Let d(i) = -6*f(i) + x(i). Is d(u) composite?
False
Let d = 41 + -111. Is (-3)/5 - -16*(-1267)/d a prime number?
False
Let p be 146*12/8 + -1 + 1. Let q(u) = -432 + 3*u**2 - 10*u + p + 224. Is q(4) composite?
False
Let j = -1929 - -49686. Is j a prime number?
False
Let c be 15 + -19 - (0/(-2))/(-1). Let z(v) = -52*v**3 - 7*v**2 - 6*v - 1. Is z(c) a prime number?
False
Suppose -1619746 = -61*f - 187616 + 6887843. Is f a composite number?
False
Is 9 + (435/(-10))/((-21)/79828) composite?
False
Let u(l) = -108 + 511*l + 20 - 284*l. Is u(15) prime?
False
Let i = 116079 + -81194. Is i a composite number?
True
Let o be (-36486)/(-18) + 4/(-1). Suppose o - 351 = 8*i. Suppose j - 616 = -i. Is j composite?
True
Let z(s) = -s**3 - 13*s**2 - 9*s - 28. Let i be z(-12). Let b = i + 76. Suppose -b*g + 5893 = -2519. Is g prime?
True
Let o = 1552450 + -1006929. Is o a prime number?
True
Let d be 7768/136 - (-10)/(-85). Let o(x) = -37*x + 4. Let u be o(-4). Let l = u - d. Is l a prime number?
False
Suppose 1229*h - 985*h = 350453540. Is h a composite number?
True
Let l be ((-32)/80)/((-28)/(-30) + -1). Let i = 15000 + -8726. Is i/12 + 1/l a composite number?
False
Suppose 9*w + 40 = 5*w. Is 4885*(4 + 18/w) a co